inder when y(-71) is divided by 2*(-1 + (-39)/(-2))?
34
Suppose -5 = -v, 4*w = 2*v + v - 199. Let t = -15 - w. What is the remainder when t is divided by 17?
14
Let o = -514 + 528. Let i = -52 - -91. Suppose 0 = 37*g - i*g + 102. What is the remainder when g is divided by o?
9
Let v = 30 - 12. Let z = 187 + -29. Let i = 168 - z. What is the remainder when v is divided by i?
8
Suppose 4*i = -4*y, 4*i + y - 13 = 2. Suppose -15 = -c - j - 1, 4*c - i*j = 83. Calculate the remainder when 23 is divided by c.
6
Let c be 6/21 - (-80)/(-35). Let l(w) = -20*w**3 + 2*w**2 - 4*w - 5. Calculate the remainder when l(c) is divided by 43.
42
Let a = 666 + -658. Suppose 2*s + 380 = 3*r, -4*r = -2*s + 3*s - 525. Calculate the remainder when r is divided by a.
2
Suppose 50*o - 47*o - 48081 = -28*o. Calculate the remainder when o is divided by 8.
7
Suppose -357*n + 919 = -12647. Calculate the remainder when n is divided by (8/(-3))/(1/(-3)).
6
Suppose -5*w + 0*w + 277 = 3*q, -q - 169 = -3*w. Suppose w = 5*p + 2*p. Suppose -p = -z + 11. Calculate the remainder when 49 is divided by z.
11
Let w be 16430/60 + (-5)/(-30). Let k = 279 - w. What is the remainder when 19 is divided by k?
4
Suppose -3*p - 555*m + 1835 = -557*m, 0 = -5*m - 20. What is the remainder when p is divided by 607?
2
Let p(h) = h**3 - 2*h**2 - 51*h - 7. Let y(s) = 9*s - 13. Calculate the remainder when y(6) is divided by p(-6).
8
Let b(p) = 2*p**2 - 327*p + 1293. What is the remainder when 2137 is divided by b(4)?
12
Suppose 0 = -5*o + 6*o + z - 5, 3*o - 5*z = -17. Let j = 27 + -7. Calculate the remainder when 34 + o - (-7 - -3) is divided by j.
19
Let i be (-2024)/40 - 4/10. Let t = -60 + 113. Let o = t + i. What is the remainder when o is divided by 1?
0
Let q be 8/(-2) + -18 + 11. Let l = -15 - q. What is the remainder when (3 + l)*(-47)/1 is divided by 16?
15
Suppose -162*f - 18300 = -5*c - 167*f, 2*c - 7306 = -4*f. What is the remainder when c is divided by 131?
130
Suppose -2*r + 10 = 0, -5*k + 110 = r + 3*r. Calculate the remainder when -2*((-48)/216 - 1319/k) is divided by 37.
36
Let q = -8166 + 8638. Calculate the remainder when q is divided by 79.
77
Suppose 0 = 2*j - 3*b + 1 + 5, 3*j - 2*b = -4. Let n(y) = -y - y**3 + 4*y**3 - y**3 - 3*y**3 + 27. What is the remainder when 80 is divided by n(j)?
26
Suppose 253*y - 252*y = 10. Suppose -251 = -2*g - 5*v, -y*g + 13*g = -v + 344. What is the remainder when g is divided by 36?
5
Let m = 10 + 19. Suppose 9*g = 228 + 87. Suppose -g*j + 2187 = -2818. What is the remainder when j is divided by m?
27
Suppose 11 = y + 4, -3*l = 5*y - 1769. Calculate the remainder when l is divided by 64.
2
Let g(c) = -16*c**2 - 210*c - 14. Suppose -4*x = 14*x + 234. Calculate the remainder when 45 is divided by g(x).
9
Let t be (-1*3 - 0)/((-36)/504). Suppose -15*m - t = -17*m. Calculate the remainder when 40 - 1/3*6 is divided by m.
17
Let p(f) = 3*f**3 - 35*f**2 + 116*f + 17. What is the remainder when p(7) is divided by 9?
8
Let l(v) be the third derivative of -v**4/6 + 13*v**3/6 + 6*v**2. Let d = -664 + 654. Calculate the remainder when l(d) is divided by 18.
17
Let g(o) = -3*o**2 + 6. Let z be g(-7). Let i = -35 - z. Suppose -t + 8 = -p - 4*p, 0 = -5*t + 3*p + i. Calculate the remainder when t is divided by 8.
7
Let a = -42 + 44. Let g be (-158)/(-18) + a/9. Suppose 0 = -11*n + g*n + 14. Calculate the remainder when 20 is divided by n.
6
Let z(k) = 2*k**2 + 82*k + 927. Calculate the remainder when 544 is divided by z(-14).
31
Let v = -7119 + 7320. What is the remainder when 291 is divided by v?
90
Suppose 0 = -711*s + 775*s - 70144. Calculate the remainder when s is divided by 9.
7
Suppose 0 = 6*p - 8397 + 7995. What is the remainder when 190 is divided by p?
56
What is the remainder when 629 is divided by ((-157)/(-471))/(3/1206)?
93
Let w be ((-2)/(-4))/1 + 42/12. Suppose -2*s + w*s = 4. Calculate the remainder when s - 174/(-30) - (-2)/10 is divided by 6.
2
Let m(r) = 4*r**2 + 206*r + 420. What is the remainder when 4935 is divided by m(-60)?
15
Suppose -1 = -4*c - 5. Let f(n) = 49*n**2 + n. Suppose -31*i - 46*i + 1386 = 0. Calculate the remainder when f(c) is divided by i.
12
Let h = -87 + 156. Suppose -144190*u + 144201*u = 55. Calculate the remainder when h is divided by u.
4
Suppose 170466 = 181*b - 135243. Calculate the remainder when b is divided by 563.
0
Let s(v) be the third derivative of -v**2 + 0 + 0*v - 1/12*v**4 - 5/3*v**3. What is the remainder when 49 is divided by s(-10)?
9
Let p = 230 + -105. Suppose -6*z = -439 - p. Calculate the remainder when z is divided by (76 - 1)*(-5)/(-15).
19
Suppose -6*r + r + 1020 = 0. Let t = -195 + r. Calculate the remainder when 129 is divided by t.
3
Suppose -2*o + 256 = 2*w, -w + 4*o + 0*o = -143. What is the remainder when 478 is divided by w?
85
Calculate the remainder when 1746 is divided by (-15)/40*(-10 + -574).
213
Let r = 24009 + -22211. What is the remainder when r is divided by 45?
43
Suppose -2*r = 3*p - 444, 8*r - 3*p - 681 = 5*r. Calculate the remainder when 4048 is divided by r.
223
Let c = 53 + 4. Suppose -o + 3*w = -395, -7*o + 5*o + 800 = 4*w. What is the remainder when o is divided by c?
56
Let t(x) = 989*x - 914. Calculate the remainder when 521 is divided by t(1).
71
Let t(k) = k**2 - 14*k. Let s be t(10). Calculate the remainder when s/(-10)*(-3)/(-12)*34 is divided by 18.
16
Let f = 2491 + -2351. Calculate the remainder when f is divided by 92.
48
Suppose 5*y + 3*g = 1194, -4*g + 225 = y - 8*g. Calculate the remainder when 13269 is divided by y.
234
Suppose -5*v - 3*o = -936, 5*v - 785 = 4*o + 172. What is the remainder when v is divided by 108?
81
Let a be -4*(0 + (-1)/10)*5. Calculate the remainder when 18 is divided by 6 + 30/(-6) + a.
0
Let c(n) = n**2 + n + 5. Suppose 3*f + 12 = 5*f. What is the remainder when c(-6) is divided by 4/6*36/f?
3
Let r = 11916 - 11021. Calculate the remainder when 1801 is divided by r.
11
Let c(z) = 30*z + 276. Let g(p) = 14*p + 138. Let o(n) = 6*c(n) - 11*g(n). What is the remainder when o(-5) is divided by 1?
0
Let z(y) = -y**3 + 2*y**2 - 44*y - 272. Calculate the remainder when z(-9) is divided by 21.
7
Suppose 0 = 18*m - 6943 - 3011. Let l = -498 + m. Calculate the remainder when l is divided by 16.
7
Let x be ((-31)/(-3))/((-1)/9). Let i = 114 + x. Calculate the remainder when 43 is divided by i.
1
Suppose 2*h - 32 = -2*v, -61 = -3*h - 2*v - 15. Suppose -h*w - 5 = -19*w. Let g(l) = 105*l - 1. What is the remainder when g(w) is divided by 21?
20
Let b be (-347)/(-3) - 30/45. Let n = 141 - b. What is the remainder when 99 - (-4 - -3) - 0 is divided by n?
22
Let t(h) = -3*h**3 + 5*h**2 - h - 19. What is the remainder when 344 is divided by t(-2)?
20
Let s = -2132 + 2156. Let r(y) = 67*y**2 - y + 2. Let x be r(-2). Suppose 4*a = -0*a + x. Calculate the remainder when a is divided by s.
20
Suppose 3*n - 5*g - 15 = -8*g, -4*n - 3*g + 18 = 0. Calculate the remainder when (10 - (n - 7))*3 is divided by 15.
12
Let n(x) = 13*x - 77. Suppose 371 = 5*l - 214. Suppose -4*h = -2*b + 122, -l = -3*b - 2*h + 82. Calculate the remainder when b is divided by n(7).
9
Suppose -t - l + 97 = 20, -4*t = -4*l - 340. Calculate the remainder when 250 is divided by t.
7
Let f be (-3 + -14 + 2)*6/18. Let y be -2*3/(-6)*-15. Let g = f - y. Calculate the remainder when 39 is divided by g.
9
Let i(a) = -a**2 - 77*a - 888. Calculate the remainder when 173 is divided by i(-62).
5
Let h = 52 - 41. Let v = 92 - h. Let k = -163 + 184. What is the remainder when v is divided by k?
18
Suppose 8*c - 7*c + 219 = 4*f, 3*c = -4*f + 239. What is the remainder when 4645 is divided by f?
53
Suppose -21*j = -20*j - 22. Suppose 255 = j*k - 1637. Calculate the remainder when k is divided by 8.
6
Let w(q) = -q**3 - 26*q**2 - q + 13. What is the remainder when w(-27) is divided by 2?
1
Suppose -4*i - 30*i = 21*i - 144210. What is the remainder when i is divided by 859?
45
Let n = 68 + -15. Let y(b) = 18*b**3 - 3151*b**2 + 179*b - 278. What is the remainder when y(175) is divided by n?
51
Let f = 98 - 69. Let o(a) = -52*a + 14. Let q be o(-8). Let l = q - 377. What is the remainder when l is divided by f?
24
Let i(a) = a**2 - 32*a - 11. Let c be i(18). Let k = c + 292. What is the remainder wh